ase 15, what is -b675 - 3?
-b678
In base 8, what is -10371 - 3?
-10374
In base 16, what is -239 - -a?
-22f
In base 3, what is -2 + -21000?
-21002
In base 9, what is -33780 + -5?
-33785
In base 7, what is 1 - 40?
-36
In base 6, what is -114 - 1?
-115
In base 7, what is -4463 - -1?
-4462
In base 9, what is -1 + -2755?
-2756
In base 6, what is -152 - 25?
-221
In base 7, what is 5 + -45?
-40
In base 6, what is -31 - 312?
-343
In base 12, what is 6 + -5?
1
In base 2, what is -11 + 100101110001?
100101101110
In base 8, what is 2162 - -4?
2166
In base 9, what is 2 + 382?
384
In base 10, what is -7 - 10?
-17
In base 15, what is 1 + 2?
3
In base 8, what is -45 + -236?
-303
In base 5, what is 2324 + 4?
2333
In base 11, what is 27 - -26?
52
In base 12, what is -8 + 44?
38
In base 16, what is 2 - -11?
13
In base 13, what is -200 + -4?
-204
In base 2, what is -111010 - 100100?
-1011110
In base 13, what is 3 - 3758?
-3755
In base 15, what is -9 - 9d8?
-9e2
In base 9, what is -12 - -162?
150
In base 13, what is 12b2 + -3?
12ac
In base 7, what is 21 - 41?
-20
In base 7, what is 1 - -5?
6
In base 16, what is 6cc7 - 3?
6cc4
In base 10, what is -4 + 2?
-2
In base 8, what is 7 - -1014?
1023
In base 8, what is 1 - -35?
36
In base 7, what is -124 - -11?
-113
In base 5, what is -13 + 1204?
1141
In base 14, what is 3 + 1ab8?
1abb
In base 2, what is -101000101111 + 101?
-101000101010
In base 16, what is -7 + -6?
-d
In base 15, what is 4 + -a8?
-a4
In base 5, what is 0 - -220?
220
In base 6, what is 2 + 3?
5
In base 12, what is 13 - 262?
-24b
In base 12, what is 0 - 92?
-92
In base 5, what is 12400 + -13?
12332
In base 13, what is 3 + -28c?
-289
In base 6, what is -3 - 55?
-102
In base 15, what is -5 + 8?
3
In base 3, what is 220 - 2?
211
In base 6, what is -14 - -2242?
2224
In base 15, what is 4 - -4dc?
4e1
In base 6, what is 5 - -3015?
3024
In base 8, what is 54 - -4?
60
In base 8, what is 4 - 62?
-56
In base 9, what is 104 + 6?
111
In base 6, what is -1540 + -2?
-1542
In base 7, what is -356 + 5?
-351
In base 15, what is 13 + -b?
7
In base 3, what is -1 - -12022?
12021
In base 9, what is -22 - 7?
-30
In base 12, what is -437 + 3?
-434
In base 6, what is -54 + 232?
134
In base 14, what is -8 + -bc?
-c6
In base 10, what is -4 - 251?
-255
In base 16, what is a5 + -33?
72
In base 11, what is 2 - 17?
-15
In base 13, what is -58 - -2?
-56
In base 13, what is 208 + 1?
209
In base 3, what is 12 + 21212?
22001
In base 12, what is -59 - 4?
-61
In base 6, what is -33 + 12?
-21
In base 15, what is -4 + 1d9?
1d5
In base 8, what is -5 + -6750?
-6755
In base 4, what is -212 - 2?
-220
In base 4, what is 22 + 313?
1001
In base 2, what is -11 - -10010101?
10010010
In base 2, what is -101 + 11000110?
11000001
In base 10, what is -1076 - -1?
-1075
In base 16, what is 63d - 2?
63b
In base 15, what is -2 + 15ad?
15ab
In base 15, what is b1 + -3b?
75
In base 16, what is 20 - 2?
1e
In base 4, what is -10 - 3010?
-3020
In base 5, what is -21 - -143?
122
In base 2, what is 111 - -1110?
10101
In base 15, what is 8 + -2c?
-24
In base 16, what is -3 + -131?
-134
In base 12, what is 17 + -644?
-629
In base 2, what is -11101 - -1100?
-10001
In base 4, what is -203 - 12?
-221
In base 3, what is -10 - 111110?
-111120
In base 6, what is -4 - -2402?
2354
In base 13, what is -c64 + 5?
-c5c
In base 15, what is -d - -a?
-3
In base 16, what is f1 + 3?
f4
In base 4, what is -120 + -13?
-133
In base 6, what is 5 + -23?
-14
In base 10, what is 1 + 993?
994
In base 8, what is 5 + -666?
-661
In base 14, what is -6 - d7?
-dd
In base 7, what is 100 + -162?
-62
In base 5, what is 10 - 12?
-2
In base 3, what is -2 + -10021?
-10100
In base 7, what is 11 - -153?
164
In base 9, what is 155 + 2?
157
In base 14, what is 6d + 0?
6d
In base 9, what is 5 - 38?
-33
In base 3, what is 1 - -20022?
20100
In base 15, what is 6c - -12?
7e
In base 11, what is -4 - -5?
1
In base 8, what is 13 - -177?
212
In base 15, what is 144 + -3?
141
In base 7, what is 13 + -2236?
-2223
In base 9, what is 31 + -108?
-67
In base 2, what is 100010100100 + -10?
100010100010
In base 16, what is -f03 - 3?
-f06
In base 15, what is a + 8?
13
In base 4, what is 11332 - -2?
12000
In base 3, what is 11 + 1122011?
1122022
In base 5, what is 10 + 11012?
11022
In base 15, what is -e3 - 7?
-ea
In base 12, what is -24 + -31?
-55
In base 5, what is 2 - -40222?
40224
In base 2, what is 1110 - -1010001101?
1010011011
In base 5, what is -204431 + -3?
-204434
In base 8, what is -12 - 6125?
-6137
In base 9, what is 28 - 2?
26
In base 9, what is 3 + -1151?
-1147
In base 16, what is 3 - 16?
-13
In base 4, what is 111 + -1101?
-330
In base 15, what is 4a + 0?
4a
In base 10, what is 1045 + 5?
1050
In base 11, what is -19 - 5?
-23
In base 11, what is 90 + 0?
90
In base 2, what is 101 + -1100111100?
-1100110111
In base 5, what is -1242 - -4?
-1233
In base 4, what is -31230 - -1?
-31223
In base 12, what is -11a5 - 0?
-11a5
In base 13, what is 4 - -1c7?
1cb
In base 6, what is 2 + -22234?
-22232
In base 12, what is 18 + 10?
28
In base 14, what is -1 - 3b?
-3c
In base 12, what is -467 - -4?
-463
In base 2, what is 101000101 - -10?
101000111
In base 7, what is 3 - 33?
-30
In base 5, what is 10 + 202?
212
In base 2, what is -11 + -1000001?
-1000100
In base 15, what is 4 + 67c?
681
In base 2, what is -10110111 - 1011?
-11000010
In base 7, what is 16043 + -5?
16035
In base 9, what is 551 - -4?
555
In base 16, what is 155 - 3?
152
In base 11, what is 1 - -880?
881
In base 8, what is 40 + -340?
-300
In base 9, what is 3 - -43?
46
In base 16, what is 5 + 3b7?
3bc
In base 9, what is -4 - -50?
45
In base 7, what is 212 - -5?
220
In base 3, what is -200012 + -1?
-200020
In base 2, what is -111100 + 1001011?
1111
In base 5, what is -310 - 0?
-310
In base 12, what is 4 - 26?
-22
In base 10, what is -1 + 160?
159
In base 4, what is 0 + 20?
20
In base 10, what is -73 + -4?
-77
In base 8, what is 50 - 11?
37
In base 13, what is -c - -3?
-9
In base 6, what is 25 - 120?
-51
In base 5, what is 10 + 113?
123
In base 6, what is 2 - -5015?
5021
In base 6, what is 330 - 3?
323
In base 13, what is -5a5b + 5?
-5a56
In base 15, what is 4 - b98?
-b94
In base 13, what is 21a - 3?
217
In base 6, what is 4254 - 5?
4245
In base 14, what is 5 + -c0?
-b9
In base 2, what is 1000001 + 11101110?
100101111
In base 16, what is -4 - 63?
-67
In base 15, what is -9a71 - -2?
-9a6e
In base 9, what is 1337 - 13?
1324
In base 16, what is -15 + -50?
-65
In base 12, what is -46 + -21?
-67
In base 3, what is -102111000 + 12?
-102110211
In base 6, what is 11 - -120?
131
In base 2, what is 11 + -11101111?
-11101100
In base 7, what is 14 + -2546?
-2532
In base 14, what is -14a - a?
-156
In base 3, what is 1012110210 + 2?
1012110212
In base 9, what is -14 - 38?
-53
In base 3, what is 11 + -20?
-2
In base 10, what is 10267 + -3?
10264
In base 6, what is -1005032 - -3?
-1005025
In base 3, what is 11 - -10202010?
10202021
In base 6, what is 205 - 1454?
-1245
In base 14, what is 3 - -2062?
2065
In base 14, what is -34 - -274?
240
In base 7, what is 1 + 410?
411
In base 11, what is -221 - -36?
-196
In base 9, what is 131 + -6?
124
In base 2, what is 101110101 + 1?
101110110
In base 11, what is -125 - -3?
-122
In base 3, what is -1 - -22002?
22001
In base 13, what is -6 - -2?
-4
In base 3, what is 0 + -222?
-222
In base 15, what is 7 + 2e?
36
In base 4, what is 23 - 11?
12
In base 2, what is -111011000010 + -101?
-111011000111
In base 4, what is 103123 + -111?
103012
In base 14, what is 5 - 185?
-180
In base 15, what is 4 + 22?
26
In base 5, what is -3 - -4111?
4103
In base 14, what is -2 - -42?
40
In base 14, what is -3 + -26?
-29
In base 5, what is -3 - -202?
144
In base 6, what is 141430 - -1?
141431
In base 3, what is 1011 + -20?
221
In base 7, what is -1 - -116?
115
In base 9, what is 1451 - -1?
1452
In base 16, what is -15d7 + -5?
-15dc
In base 13, what is 55 - 1?
54
In base 16, what is 1bb - 9?
1b2
In base 7, what is 4441 - -5?
4446
In base 9, what is -447 + -5?
-453
In base 6, what is -113312 + 2?
-113310
In base 5, what is -1 - 232?
-233
In base 6, what is 30 + 102?
132
In base 11, what is 279 - -4?
282
In base 16, what is -f0 - -2?
-ee
In base 2, what is 100 - -111101000?
111101100
In base 16, what is -5 - -3d?
3